he highest common divisor of 54 and m?
27
Let g be 6 + (-3 - -2) + (8 - 6) + 185. What is the highest common factor of 592 and g?
16
Suppose -5*c + 13812 = 4*o, 91*c + 3467 = o + 94*c. Calculate the greatest common factor of o and 11.
11
Suppose -3*b = 2*p - 748, 24*p = -2*b + 19*p + 484. Let v = b - -100. What is the greatest common factor of v and 48?
16
Let c = -226 - -361. Suppose 12*k - 1599 = -k. Suppose 3*f + 39 = 2*t, -t + 3*f - k = -5*t. What is the greatest common factor of c and t?
27
Let g(z) = 17*z**3 + 4*z**2 + 50*z - 8. Let w be g(3). What is the highest common divisor of 247 and w?
13
Suppose 0 = -o + 4 + 27. Suppose o*y - 28*y = 1338. Suppose 0 = 2*b - 2*k - 228, 0 = -4*b - 3*k + 2*k + y. What is the greatest common factor of 7 and b?
7
Suppose 1006*o = 1011*o - 230. Let c(f) = f**2 - 2*f + 2. Let n be c(2). What is the highest common divisor of n and o?
2
Let i = -1566 + 1603. Calculate the greatest common divisor of 2257 and i.
37
Let d(z) = 648*z - 13360. Let f be d(21). What is the highest common factor of 6324 and f?
124
Let q be (-1)/22*-348 - 2/(-11). Calculate the greatest common divisor of 18 and q.
2
Suppose -4*r + 5*z + 13 = 0, 2*z + 5 = 5*r - 2*z. Let i be (-90)/3*-28*r/(-9). Suppose 2*a - 7*a = -i. Calculate the highest common factor of 8 and a.
8
Suppose 15 = -73761*o + 73762*o. Calculate the highest common factor of 813 and o.
3
Let h be ((-48)/6)/((-4)/194). Let g = -221 + h. Let x = g - 86. Calculate the greatest common factor of x and 18.
9
Let u(i) = -i**3 + 7*i**2 - 4*i - 5. Let t be u(6). Suppose 33*d = 15*d + 4824. Suppose 0 = 5*f - 47 - d. What is the greatest common divisor of f and t?
7
Suppose -8*n + 24112 + 8208 = 0. Suppose o - n = 3*o. Let g be (-16)/20 - o/25. Calculate the highest common divisor of 10 and g.
10
Suppose -13*k + 4*k = -13*k. Let o(y) = y**2 + 7*y + 108. Let b be o(k). What is the highest common divisor of 48 and b?
12
Let c(s) = s**2 + s + 3. Suppose 0 = i + 2*i. Let t be c(i). Suppose -11*y + 50 = -6*y - 5*h, 5*h = 10. What is the highest common factor of y and t?
3
Let y(f) = -3*f**3 - 168*f**2 - 10*f + 35. Let i be y(-56). What is the greatest common divisor of 1015 and i?
35
Let d be (3/2)/((-1)/(-18)). Suppose -21 + 12 = -3*s. Suppose -3*m + s = -51. What is the greatest common factor of m and d?
9
Suppose 5*v + 5*u - 215 = 0, 117*u = -2*v + 118*u + 107. Calculate the greatest common divisor of 410 and v.
10
Suppose 2*y - 768 = -9*o + 7*o, -2*o + 12 = 0. What is the greatest common divisor of 938 and y?
14
Let j = 28459 - 25846. What is the greatest common factor of j and 195?
39
Suppose 174*i - 22*i = 3792 + 6848. What is the highest common factor of i and 1169?
7
Suppose 3*u = -4*u + 42. Suppose -3*p = -u*p + 720. Calculate the greatest common divisor of 144 and p.
48
Let p be 25500/(1173/(-23))*((-12)/5)/1. Calculate the highest common factor of p and 2625.
75
Suppose 51156 = -3*h + 7*h. Let z be h/435 - 2*(-2)/(-10). What is the greatest common divisor of 29 and z?
29
Let z(f) = 7*f**2 + f. Let k be z(-1). Let i be 12708/39 - (-4)/26. Suppose -25*g + 49 = -i. What is the greatest common divisor of k and g?
3
Suppose 8*t = 4*t + 20. Let i(b) = -79*b**2 + 256*b - 2. Let w be i(3). Calculate the highest common factor of t and w.
5
Let q(v) = 2*v. Let r be q(3). Let t be (-2)/r*9*-1. Let k = -19403 - -19418. What is the highest common factor of k and t?
3
Let q be 3*(-6)/4*42500/(-153). Let y be 8/(-2) - 0 - q/(-50). Calculate the highest common divisor of y and 133.
7
Let j be 1*1*5 - 1. Suppose -s - 5*z = -5*s + 15, -25 = -5*z. Let w be (-14)/(-1*s/20). What is the greatest common factor of j and w?
4
Let f be ((-2658)/(-12) - 8)*(-900)/(-35). Calculate the highest common factor of f and 244.
122
Let p be 31326 + 102/(-17) - (0 + (-28)/(-4)). What is the highest common factor of p and 181?
181
Let x be 5 + 454 - -5 - 2. Let v be (x/(-24) - 7)/(2/(-8)). Suppose -11*l + 105 = -6*l. Calculate the highest common factor of l and v.
21
Let g be (230/(-460))/((-4)/18 + (-5)/18). What is the greatest common factor of g and 6044?
1
Suppose -8 = 12*l - 4*l. Let p be 5 + ((-3)/l - 6). Suppose 0 = -s - 3 + 1, p*a + 5*s = 144. Calculate the highest common divisor of 22 and a.
11
Let k(s) = -35*s**3 + 9*s**2 + 5*s + 3. Let u be k(-1). Calculate the highest common factor of u and 1113.
21
Suppose 1020 - 282 = 2*v. Let a = v + -226. Suppose 2*z - 94*g + 99*g = 21, 70 = 5*z - 5*g. Calculate the greatest common divisor of z and a.
13
Let u be 6*368/(-64)*((-316)/3 + 0). What is the greatest common factor of 23 and u?
23
Let v = -1175 - -1384. What is the greatest common factor of v and 55?
11
Suppose 4*b = -2*m - 278, -1 = 2*m - m. Let p(d) = d - 4. Let s be p(3). Let f be (4/(-8))/s - b/2. Calculate the highest common factor of 70 and f.
35
Let d = -174 + 195. Suppose -d*y + 11*y = -450. Let r = -18 - -27. What is the greatest common factor of r and y?
9
Let m be (6/(-4))/3*-134. Let s be m + -1 + -3 + 2. Let a(w) = -24*w**3 + 6*w**2 + w - 3. Let v be a(-1). What is the highest common factor of s and v?
13
Let d(s) = -s**3 - 31*s**2 - 41*s - 114. Let l be d(-32). Calculate the greatest common divisor of 44 and l.
22
Let l = -3711 - -3756. Calculate the highest common divisor of l and 6705.
45
Let p = 198 - 176. Suppose 0 = -p*y + 652 + 536. What is the highest common divisor of y and 234?
18
Let z be (3980/18)/5 + (-14)/63. Let t(d) = -d**2 - 8*d - 7. Let w be t(-5). Calculate the highest common factor of w and z.
4
Suppose c + 3 = -5. Let g(v) be the first derivative of v**4/4 + 8*v**3/3 - 9*v**2/2 - 14. Let z be g(c). Calculate the highest common divisor of z and 8.
8
Let o = 4 - -6. Suppose -17*w + 2206 = 5*w + 226. What is the greatest common divisor of o and w?
10
Let p(d) = 42*d**2 + 1130*d - 3. Let i be p(-27). Calculate the highest common factor of 1113 and i.
21
Let l = 156 - 3. Let w = -166 + 183. Calculate the highest common factor of w and l.
17
Suppose 0 = 2*d - 2*j + 78, -3*j = -6 - 6. Let q be 20/(-8)*168/d. Suppose 53 = q*c - 67. What is the highest common divisor of c and 40?
10
Suppose -8*q = 1146 + 389 - 13679. Calculate the greatest common divisor of q and 207.
69
Let m be 411/3 + (16 - 9). Calculate the greatest common factor of m and 3708.
36
Let b be (-3)/6*6 - -16. Let i = -10 + b. Suppose 0 = i*s + r - 164, 3*s - 4*r - 168 = -r. Calculate the highest common divisor of 22 and s.
11
Suppose -2 = x, j = 5*x - 3 + 23. Suppose -q = -56 + j. Calculate the highest common factor of q and 138.
46
Let f be 53287/91 - 196/343. Calculate the highest common divisor of 110 and f.
5
Let u(i) = 10*i + 36. Let a be u(-4). Let h be (-38 - a/(-2))/(-2). Calculate the highest common factor of 4 and h.
4
Let g(l) = -l**2 - 12*l + 1136. Let o be g(-39). What is the greatest common divisor of o and 332?
83
Let t(a) = 29*a - 10. Suppose f + 3*f = 16. Let z be t(f). Let u = 170 - z. Calculate the highest common divisor of u and 8.
8
Suppose -14*q - 7*q = -105. Suppose 0 = q*g + 5*n - 105, -4*g + 40 = 5*n - 48. Calculate the highest common divisor of g and 17.
17
Suppose m + 4*c - 563 = -558, 3*m - 3*c = 15. Calculate the highest common factor of 1565 and m.
5
Suppose -463 + 71 = -5*d - 3*u, 5*d = -4*u + 386. What is the greatest common factor of 61992 and d?
82
Let c = -14500 - -28285. Calculate the greatest common factor of 15 and c.
15
Let p(n) = n**3 - 6*n**2 - 9*n + 16. Let b be p(7). Suppose -4*h = 246 - 98. Let s be (b - 1)*(-2 - h). Calculate the highest common factor of 280 and s.
35
Let c = 1253 + -1189. Calculate the greatest common factor of c and 224.
32
Suppose -14 = c + 3. Let d be 0*2/(-2) - 17/c. Let y be -24*2/(-4)*d. Calculate the highest common divisor of y and 60.
12
Let b be 28/10 - 3 - (-126)/30. Suppose z + 3*p + 24 = 164, 5*p = b*z - 560. What is the highest common divisor of z and 35?
35
Let w(q) = -8*q + 160. Let z(j) = -2*j**3 + 14*j**2 - 12*j + 19. Let h be z(6). Let d be w(h). Calculate the greatest common factor of 216 and d.
8
Let c be 1041 - 268/67*((-2)/(-8) - 1). What is the greatest common divisor of c and 1305?
261
Suppose -38*y - 38077 - 22291 + 549694 = 0. What is the highest common divisor of 79 and y?
79
Let q(d) = 3*d**3 + 2*d**2 + 4*d + 3. Let t